 factors of w?
2
Suppose 4*s - 19 = -59. Let k(q) = q**2 + q - 16. List the prime factors of k(s).
2, 37
Let g be (-7920)/(-81) - (-4)/18. Suppose r + 50 = 2*t, 3*r + g = -0*t + 4*t. What are the prime factors of t?
2, 13
Let s = -44 - -40. List the prime factors of (654/s)/((399/(-28))/19).
2, 109
Let b = -28 - -32. Let v(c) = c**3 - 4*c + 3. What are the prime factors of v(b)?
3, 17
Suppose g - 13*g + 13344 = 0. What are the prime factors of g?
2, 139
Let t = -7 - 2. Let c(q) = q**2 + 13*q + 10. Let n be c(t). Let d = -3 - n. What are the prime factors of d?
23
What are the prime factors of (-139398)/(-105) - (-2)/5 - -5?
31, 43
Suppose -4201 - 2023 = -4*z. What are the prime factors of z?
2, 389
Let q be ((-22)/3)/((-8)/(-12)). Let n = q + 15. Suppose -3*t + 67 = -3*d + 16, -3*t + 55 = -n*d. List the prime factors of t.
13
Let m(y) = 2*y**3 - 10*y**2 - y + 8. Let r = -21 + 28. Let w be m(r). Suppose -3*z + w = 2*a, 70 = z - a + 6*a. List the prime factors of z.
5, 13
What are the prime factors of 2/3 - 12306/(-63)?
2, 7
Let u(z) = z + 28. Let s(c) = 5*c + 111. Suppose -r + 6 = -4*r. Let n(w) = r*s(w) + 9*u(w). List the prime factors of n(15).
3, 5
Let a be 0 + (-3)/(-6)*8. List the prime factors of a - 40/15*-12.
2, 3
Suppose -3*v + 5 = -7. Suppose -v*n + 5*n = t + 236, 3*n = t + 714. List the prime factors of n.
239
Let m be (-194)/(-4)*(-4 + 14). Suppose -n = -4*w + m, -w - 335 = -4*w - 5*n. What are the prime factors of w?
2, 3, 5
Let i(h) = 5*h**2 - 4*h - 8. What are the prime factors of i(-5)?
137
What are the prime factors of -4 + (-8)/((-8)/9) + 303?
2, 7, 11
Let v be (4 + -3)/(((-16)/228)/(-4)). Let a = -37 + v. What are the prime factors of a?
2, 5
Let f(u) = 6 + 13*u - 22*u + 8*u. Let n be f(-3). Suppose p - 5*z = 68, n = 5*p + 5*z - 181. List the prime factors of p.
43
Let w be (-1 + 3)*(6 + -5). Let x(n) = n**2 + 8*n**2 - 4*n**2. List the prime factors of x(w).
2, 5
Let p(k) = -244*k**3 - k**2 - k + 1. Let b be p(-1). Let i = 452 - b. List the prime factors of i.
3, 23
Suppose 410 = 3*h + 2*h. Suppose -5*a + h = -2*x - 44, -5*a + x + 128 = 0. What are the prime factors of a?
2, 13
Suppose -69378 = -22*p - 27226. List the prime factors of p.
2, 479
Let o(a) = a**3 - 8*a**2 + 7*a + 2. Let m be o(7). Let n(k) = -k**3 + 7*k + 3 + 12*k**m - 4*k - k. What are the prime factors of n(12)?
3
Let n = 2770 + -1377. List the prime factors of n.
7, 199
Let q(n) = -1252*n**3 - 7*n**2 - 6*n + 2. What are the prime factors of q(-1)?
7, 179
Suppose 92*v - 750 = 97*v. Let o be 3*(-35 + 3 + -1). Let r = o - v. What are the prime factors of r?
3, 17
Let p = 22 - 8. Let l be 6/p - 22/(-14). Suppose t - 12 = -a, a + l*a = -6. List the prime factors of t.
2, 7
Suppose 5*o - 20899 = -4*u, 0 = 25*u - 20*u + 5*o - 26130. List the prime factors of u.
5231
Let w(x) = -29*x + 44. What are the prime factors of w(-19)?
5, 7, 17
List the prime factors of 3 - 4/6*(-666)/4.
2, 3, 19
What are the prime factors of ((-3)/9*2204)/((-4)/6)?
2, 19, 29
Suppose -c + 4*k = 11, -3*k - 6 = 3*c - 3. What are the prime factors of 9/((-27)/(-552)) + c?
181
Suppose -2*r - 192 = -5*x, 4*x - 194 + 42 = 2*r. Let b = -33 + x. What are the prime factors of b?
7
Let n = 329 - -733. What are the prime factors of n?
2, 3, 59
Let k(w) = 21*w**2 - 241*w + 1215. What are the prime factors of k(5)?
5, 107
Let m = 1665 + -213. What are the prime factors of m?
2, 3, 11
List the prime factors of (831/9)/((-2)/(-6)).
277
Let d(b) = -b**3 - 19*b**2 + 16*b - 20. Let a be d(-20). Suppose -s - 242 - 63 = -4*n, -3*s + a = n. What are the prime factors of n?
3, 5
List the prime factors of ((-40)/(-100))/((-3)/(-6960)).
2, 29
Let p = 309 - 99. List the prime factors of p.
2, 3, 5, 7
Let s(y) = -y**2 + 12*y - 11. Let p be s(11). Suppose -q = p, -27 = 5*t - 4*q + 3. List the prime factors of 3*2/(-6)*t.
2, 3
Suppose 3*o + 4*o + 294 = 0. List the prime factors of (o - (-15)/(-5))*-1.
3, 5
Let d(w) = w**2 - 3*w - 5. Let g be d(5). Suppose 4*l = g*l. Suppose -k - 5*b + 28 = l, 0*k + 3*k + 2*b - 149 = 0. List the prime factors of k.
53
Let h(g) = 4*g + 50. Let b(a) = -a + 1. Let y(d) = 5*b(d) + h(d). What are the prime factors of y(17)?
2, 19
Let x = 2951 - -1582. List the prime factors of x.
3, 1511
Suppose -z = 13*z - 27454. What are the prime factors of z?
37, 53
Suppose 194*h = 190*h + 188. What are the prime factors of h?
47
Let a(d) = -3*d - 33. Let j be a(-10). What are the prime factors of ((-12)/(-18))/(3/99) + j?
19
Suppose 2*z = 4*y + 598 - 7624, 3*z = 5*y - 8781. List the prime factors of y.
2, 3, 293
Let y be (-20)/30 - 6/(-9). Suppose -q + y*x + 107 = -4*x, -3*x = -3*q + 303. What are the prime factors of q?
3, 11
Let f(v) = v**3 + 18*v**2 - 26*v + 23. What are the prime factors of f(-19)?
2, 3, 13
Suppose -6*k + 8*k = -1206. List the prime factors of k/(-9) - (-6 + 2).
71
Suppose -2*p + 3*p - 210 = 0. Suppose -5*j + 2*j - 3 = 0. What are the prime factors of (j/3)/((-7)/p)?
2, 5
Let x(k) = k**3 + 3*k**2 - 21*k + 5. List the prime factors of x(-5).
2, 3, 5
Suppose -z = -6*z + 15, 4*r - z = -27. Let s(o) = -o**3 - 6*o**2 + 3*o + 9. Let b be s(r). Let v = 10 - b. What are the prime factors of v?
19
Let w = 3041 + -1901. What are the prime factors of w?
2, 3, 5, 19
Let h = 56 + 49. Let t be 2/(-11) + 634/(-22). Let o = t + h. What are the prime factors of o?
2, 19
Let q be 3/(4*4/144). Let s = -21 + q. Suppose -s*k + 4*k + 40 = 0. List the prime factors of k.
2, 5
Let l = 10 + -4. Let w(n) = -n**2 - 2*n + 17. Let r be w(-5). What are the prime factors of (l/15)/(r/10)?
2
Let f = -35 + 37. List the prime factors of (25 - -40) + 1 + f.
2, 17
Let u = -4234 - -7127. List the prime factors of u.
11, 263
Let t be 1*7/(14/8). Suppose 3*h - t*h = 0. Suppose -3*x + 6*x - 78 = h. What are the prime factors of x?
2, 13
Let m(s) = s**3 + 5*s**2 - 6*s + 6. Let d be m(-6). Let h(c) = -3 - 2*c + 14 + 3*c**2 - 2*c**2 - d. What are the prime factors of h(5)?
2, 5
Let x be (6/(-7))/((9/(-3))/42). Suppose 3*t = x*t - 135. What are the prime factors of t?
3, 5
Let h be 64/6*(-1 - 2). Let d be h/144 + 29/9. Suppose -d*v + 36 = -v. What are the prime factors of v?
2, 3
Let d = 77 - 72. Suppose -2*q - 3*h + 516 = 0, 0 = -2*q + 6*q + d*h - 1028. List the prime factors of q.
2, 3, 7
Let f(s) = -s**3 - 2*s**2 - 35*s + 24. What are the prime factors of f(-12)?
2, 3, 157
Let s = 1514 + -937. List the prime factors of s.
577
Suppose -19 = 3*m + 5*y, m - 2*m - 11 = -3*y. Let a be ((-156)/m)/(3/(-12)). List the prime factors of (-2)/6*a/1.
2, 13
Let j(y) = 0*y - 1 + 10*y + 5*y + 0. Let n be j(1). Let a = n - 12. What are the prime factors of a?
2
Let g be (16 + -11)/((-1)/10). List the prime factors of (g/8)/((-5)/40).
2, 5
Let d(f) = -2*f**2 - 41*f + 24. Let q be d(-21). Suppose -376 + 9 = -4*w - j, -q*j = w - 89. What are the prime factors of w?
2, 23
Let m(k) = -3*k**3 - 8*k**2 - 12*k - 9. Let a be m(-4). Let u = 145 - a. Suppose 5*i - 2*i - u = 0. What are the prime factors of i?
2, 7
Suppose 2*p = 5*n - 277, -3*n + 105 = -3*p - 63. List the prime factors of n.
5, 11
List the prime factors of -3*((-55836)/162 - 1/(-1)).
1031
List the prime factors of 3*(-5496)/(-9) - 3.
31, 59
Suppose 0 = 2*w - 4*h - 8 - 24, -w + 4 = 2*h. Let f be ((-28)/w)/((-4)/10). Suppose -10*v = -f*v - 9. What are the prime factors of v?
3
Suppose 114 = 4*k - 134. Suppose -5*d = -5*o - 310, -2*o + 0*o = -d + k. What are the prime factors of d?
2, 31
Suppose c + 3*c - 976 = 0. Let n = -146 + c. What are the prime factors of n?
2, 7
List the prime factors of (690/25)/(6/40).
2, 23
What are the prime factors of (83 + 1)/(-1 + (-45)/(-18))?
2, 7
Let f(l) = -5*l + 14. Let c be f(-5). Suppose -4*t + c = -t. What are the prime factors of t?
13
Let t = -25 - -222. Suppose -2*c - h + 47 = -352, -3*h = c - t. List the prime factors of c.
2, 5
Suppose 4*p = -5*h + 3*h - 30, 2*h = 2. Let y = 10 + p. Suppose 101 - 12 = y*n - 3*l, -2*l + 114 = 3*n. What are the prime factors of n?
2, 5
Let c = -2 + -1. Let j be ((-15)/12)/(c/84). List the prime factors of 1/(-7) - (-2070)/j.
59
Let p = -385 + 798. List the prime factors of p.
7, 59
Let v(d) = d**2 + 16*d + 356. List the prime factors of v(-24).
2, 137
Suppose -3*j + 2*a - 1862 = 3*a, 0 = j + 3*a + 626. List 